{"id":136,"date":"2016-09-02T11:36:33","date_gmt":"2016-09-02T09:36:33","guid":{"rendered":"http:\/\/activeantenna.net\/?page_id=136"},"modified":"2016-09-03T12:53:55","modified_gmt":"2016-09-03T10:53:55","slug":"mini-whip-pro","status":"publish","type":"page","link":"https:\/\/activeantenna.net\/?page_id=136","title":{"rendered":"Mini-Whip PRO+"},"content":{"rendered":"<p><strong><span class=\"big\">Die verbesserte Version des Klassikers<br \/>\n<\/span><\/strong><\/p>\n<p style=\"text-align: justify;\">Die mini-Whip-PRO Aktivantenne ist eine in ma\u00dfgeblichen Punkten verbesserte Version einer kleinen und leistungsf\u00e4higen Aktivantenne nach Art einer Mini-Whip.\u00a0 Mit einer neuartigen linearen Eingangsstufe\u00a0 und DC-gekoppelter Ausgangsstufe wird die Entstehung unerw\u00fcnschter Mischprodukte (Intermodulation) minimiert. Am Eingang sind\u00a0ESD-Schutzdioden hinzugef\u00fcgt. Die Schaltung auf einer kleinen Platine mit einer \u00fcberschaubaren Anzahl von Bauelementen eignet sich daher gut als Selbstbauprojekt f\u00fcr Einsteiger. Bis auf wenige Ausnahmen werden nur konventionelle bedrahtete Bauelemente verwendet. Mit \u00fcberschaubarem Aufwand erh\u00e4lt man mit der Mini-Whip PRO eine leistungsf\u00e4hige Aktivantenne mit erstaunlichen Eigenschaften.<\/p>\n<p><em><strong>mini-Whip PRO+<\/strong><\/em><\/p>\n<ul>\n<li>Empfangs Antenne f\u00fcr SWL, Amateurfunk und Broadcast DX<\/li>\n<li>Bedeutend kleiner als vergleichbare passive Antennen<\/li>\n<li>breitbandig &#8211; empf\u00e4ngt von VLF bis VHF<\/li>\n<li>Steht in der Empfangsleistung gro\u00dfen Antennen nicht nach<\/li>\n<li>Ideal f\u00fcr Bandbeobachtung, Radiomonitoring und f\u00fcr\u00a0SDR<\/li>\n<\/ul>\n<p><img loading=\"lazy\" decoding=\"async\" class=\"alignnone size-large wp-image-233\" src=\"http:\/\/activeantenna.net\/wp-content\/uploads\/2016\/09\/miniwhippro-3d-1024x347.jpg\" alt=\"miniwhippro-3d\" width=\"780\" height=\"264\" srcset=\"https:\/\/activeantenna.net\/wp-content\/uploads\/2016\/09\/miniwhippro-3d-1024x347.jpg 1024w, https:\/\/activeantenna.net\/wp-content\/uploads\/2016\/09\/miniwhippro-3d-300x102.jpg 300w, https:\/\/activeantenna.net\/wp-content\/uploads\/2016\/09\/miniwhippro-3d-768x260.jpg 768w, https:\/\/activeantenna.net\/wp-content\/uploads\/2016\/09\/miniwhippro-3d.jpg 1402w\" sizes=\"(max-width: 780px) 100vw, 780px\" \/><\/p>\n<p><a name=\"_Toc459801727\"><\/a><strong>Eigenschaften:<\/strong><\/p>\n<p>Abmessungen der Platine: 100 x 40mm, davon 55 x40mm integrierte Antennenfl\u00e4che (E-Feldsonde)<\/p>\n<ul>\n<li>Kann bei Bedarf um einen externen Antennenstab (Whip) erg\u00e4nzt werden<\/li>\n<li>Frequenzbereich: 15kHz bis 50MHz, dar\u00fcber nutzbar mit reduzierten Leistungsdaten<\/li>\n<li>Spannungs\u00fcbertragungsfaktor -3,5dB<\/li>\n<li>Versorgung lokal oder ferngespeist \u00fcber das Koaxkabel (Fernspeiseweiche erforderlich)<\/li>\n<li>Versorgungsspannung DC 12V &#8211; 14V stabilisiert. Stromaufnahme max. 90mA<\/li>\n<li>Intermodulation 2. Ordnung, IP2 besser + 70 dBm.<\/li>\n<li>Intermodulation 3. Ordnung, IP3 besser + 30 dBm.<\/li>\n<li>Ausgangsimpedanz: Geeignet um 50 Ohm Koaxialkabel zu treiben<\/li>\n<li>Anschlussbuchse: BNC-50\u03a9<\/li>\n<li>Maximale Ausgangsleistung: gr\u00f6\u00dfer +10dBm<\/li>\n<\/ul>\n<p style=\"text-align: justify;\">Die Schaltung auf einer kleine Platine mit einer \u00fcberschaubaren Anzahl von Bauelementen eignet sich als Selbstbauprojekt f\u00fcr Einsteiger. Mit Ausnahme des Treibertransistors werden nur konventionelle bedrahtete Bauelemente verwendet. Trotz ihres einfachen Aufbaus erh\u00e4lt man mit der Mini-Whip PRO eine leistungsf\u00e4hige Aktivantenne mit erstaunlichen Eigenschaften, die im Vergleich mit kommerziellen Produkten bestehen kann.<\/p>\n<p><a href=\"http:\/\/www.dl4zao.de\/_downloads\/MiniwhipPRO.pdf\"><strong><img loading=\"lazy\" decoding=\"async\" class=\"alignnone size-full wp-image-215\" src=\"http:\/\/activeantenna.net\/wp-content\/uploads\/2016\/09\/PDF-download-icon_small.jpg\" alt=\"PDF-download-icon_small\" width=\"56\" height=\"70\" \/><br \/>\n<a class=\"download-link\" title=\"\" href=\"http:\/\/activeantenna.net?download=225\" rel=\"nofollow\">\n\tMiniwhipPRO Beschreibung und Baumappe<\/a><br \/>\n<\/strong><\/a><\/p>\n<p>Leiterplatten von Mini-Whip PRO und der Fernspeiseweiche Whip-Tee <a href=\"http:\/\/activeantenna.net\/?page_id=79\">auf Anfrage<\/a>.<\/p>\n","protected":false},"excerpt":{"rendered":"<p>Die verbesserte Version des Klassikers Die mini-Whip-PRO Aktivantenne ist eine in ma\u00dfgeblichen Punkten verbesserte Version einer kleinen und leistungsf\u00e4higen Aktivantenne nach Art einer Mini-Whip.\u00a0 Mit einer neuartigen linearen Eingangsstufe\u00a0 und DC-gekoppelter Ausgangsstufe wird die Entstehung unerw\u00fcnschter Mischprodukte (Intermodulation) minimiert. Am Eingang sind\u00a0ESD-Schutzdioden hinzugef\u00fcgt. Die Schaltung auf einer kleinen Platine mit einer \u00fcberschaubaren Anzahl von Bauelementen eignet sich daher gut als <a class=\"more-link\" href=\"https:\/\/activeantenna.net\/?page_id=136\">weiterlesen&#8230;<\/a><\/p>\n","protected":false},"author":1,"featured_media":56,"parent":23,"menu_order":2,"comment_status":"closed","ping_status":"closed","template":"","meta":{"footnotes":""},"_links":{"self":[{"href":"https:\/\/activeantenna.net\/index.php?rest_route=\/wp\/v2\/pages\/136"}],"collection":[{"href":"https:\/\/activeantenna.net\/index.php?rest_route=\/wp\/v2\/pages"}],"about":[{"href":"https:\/\/activeantenna.net\/index.php?rest_route=\/wp\/v2\/types\/page"}],"author":[{"embeddable":true,"href":"https:\/\/activeantenna.net\/index.php?rest_route=\/wp\/v2\/users\/1"}],"replies":[{"embeddable":true,"href":"https:\/\/activeantenna.net\/index.php?rest_route=%2Fwp%2Fv2%2Fcomments&post=136"}],"version-history":[{"count":15,"href":"https:\/\/activeantenna.net\/index.php?rest_route=\/wp\/v2\/pages\/136\/revisions"}],"predecessor-version":[{"id":236,"href":"https:\/\/activeantenna.net\/index.php?rest_route=\/wp\/v2\/pages\/136\/revisions\/236"}],"up":[{"embeddable":true,"href":"https:\/\/activeantenna.net\/index.php?rest_route=\/wp\/v2\/pages\/23"}],"wp:featuredmedia":[{"embeddable":true,"href":"https:\/\/activeantenna.net\/index.php?rest_route=\/wp\/v2\/media\/56"}],"wp:attachment":[{"href":"https:\/\/activeantenna.net\/index.php?rest_route=%2Fwp%2Fv2%2Fmedia&parent=136"}],"curies":[{"name":"wp","href":"https:\/\/api.w.org\/{rel}","templated":true}]}}