{"id":23,"date":"2016-08-31T11:42:03","date_gmt":"2016-08-31T09:42:03","guid":{"rendered":"http:\/\/activeantenna.net\/?page_id=23"},"modified":"2016-09-02T15:36:26","modified_gmt":"2016-09-02T13:36:26","slug":"active-whip","status":"publish","type":"page","link":"https:\/\/activeantenna.net\/?page_id=23","title":{"rendered":"Active Whip"},"content":{"rendered":"<p>Kann eine Aktivantenne mit einem St\u00fcck kupferkaschierter Leiterplatte von wenigen Quadratzentimetern Gr\u00f6\u00dfe als &#8222;Antenne&#8220; Signale von 10 kHz bis 30 MHz mit ausreichenden Signal\/Rauschabstand empfangen? \u00a0Ja das geht! Die Thorie der kurzen Anntennen sagt: eine elektrisch kurze Antenne kann das fast genau so gut wie ein resonanter Halbwellendipol. Vorausgesetzt, man kann den sehr kleinen Strahlungswiderstand im Milliohm Bereich und den hohen kapazitiven Blindwiderstand\u00a0einer elektrisch kurzen Antenne mit einem aktiven Impedanzwandler auf 50 Ohm anpassen.<\/p>\n<p>Die Theorie dahinter ist seit den 60er Jahren des letzten Jahrhunderts bekannt. Mit der Verf\u00fcgbarkeit von Feldeffekttransistoren war es einfach m\u00f6glich, Impedanzwandler zu bauen, die die Spannung einer kurzen Antenne hochohmig abnehmen konnten. In der Folgezeit waren es besonders das Milit\u00e4r und Regierungsfunkstellen, die die Eigenschaften von aktiven Monopolen (Whips) und aktive Dipolen zu nutzen wusste.<\/p>\n<p>&nbsp;<\/p>\n","protected":false},"excerpt":{"rendered":"<p>Kann eine Aktivantenne mit einem St\u00fcck kupferkaschierter Leiterplatte von wenigen Quadratzentimetern Gr\u00f6\u00dfe als &#8222;Antenne&#8220; Signale von 10 kHz bis 30 MHz mit ausreichenden Signal\/Rauschabstand empfangen? \u00a0Ja das geht! Die Thorie der kurzen Anntennen sagt: eine elektrisch kurze Antenne kann das fast genau so gut wie ein resonanter Halbwellendipol. Vorausgesetzt, man kann den sehr kleinen Strahlungswiderstand im Milliohm Bereich und den <a class=\"more-link\" href=\"https:\/\/activeantenna.net\/?page_id=23\">weiterlesen&#8230;<\/a><\/p>\n","protected":false},"author":1,"featured_media":134,"parent":0,"menu_order":10,"comment_status":"closed","ping_status":"closed","template":"","meta":{"footnotes":""},"_links":{"self":[{"href":"https:\/\/activeantenna.net\/index.php?rest_route=\/wp\/v2\/pages\/23"}],"collection":[{"href":"https:\/\/activeantenna.net\/index.php?rest_route=\/wp\/v2\/pages"}],"about":[{"href":"https:\/\/activeantenna.net\/index.php?rest_route=\/wp\/v2\/types\/page"}],"author":[{"embeddable":true,"href":"https:\/\/activeantenna.net\/index.php?rest_route=\/wp\/v2\/users\/1"}],"replies":[{"embeddable":true,"href":"https:\/\/activeantenna.net\/index.php?rest_route=%2Fwp%2Fv2%2Fcomments&post=23"}],"version-history":[{"count":17,"href":"https:\/\/activeantenna.net\/index.php?rest_route=\/wp\/v2\/pages\/23\/revisions"}],"predecessor-version":[{"id":187,"href":"https:\/\/activeantenna.net\/index.php?rest_route=\/wp\/v2\/pages\/23\/revisions\/187"}],"wp:featuredmedia":[{"embeddable":true,"href":"https:\/\/activeantenna.net\/index.php?rest_route=\/wp\/v2\/media\/134"}],"wp:attachment":[{"href":"https:\/\/activeantenna.net\/index.php?rest_route=%2Fwp%2Fv2%2Fmedia&parent=23"}],"curies":[{"name":"wp","href":"https:\/\/api.w.org\/{rel}","templated":true}]}}